{"id":85,"date":"2024-05-21T12:04:28","date_gmt":"2024-05-21T10:04:28","guid":{"rendered":"https:\/\/pochodzeniemaznaczenie.pl\/?page_id=85"},"modified":"2024-05-22T02:00:52","modified_gmt":"2024-05-22T00:00:52","slug":"o-projekcie","status":"publish","type":"page","link":"https:\/\/pochodzeniemaznaczenie.drobiarze.pl\/index.php\/o-projekcie\/","title":{"rendered":"O projekcie"},"content":{"rendered":"\n<div class=\"wp-block-columns is-layout-flex wp-container-core-columns-is-layout-1 wp-block-columns-is-layout-flex\">\n<div class=\"wp-block-column is-layout-flow wp-block-column-is-layout-flow\" style=\"flex-basis:66.66%\">\n<p>Kampania informacyjno-promocyjna realizowana przez Krajow\u0105 Federacj\u0119 Hodowc\u00f3w Drobiu i Producent\u00f3w Jaj ma na celu pog\u0142\u0119bianie wiedzy os\u00f3b zarz\u0105dzaj\u0105cych podmiotami nale\u017c\u0105cymi do grupy HoReCa, na temat sposob\u00f3w rozr\u00f3\u017cniania tej grupy produkt\u00f3w, podkre\u015blenia ich prozdrowotnych w\u0142a\u015bciwo\u015bci oraz korzy\u015bci wynikaj\u0105cych z ich spo\u017cywania.<\/p>\n\n\n\n<p>Materia\u0142y informacyjne przygotowane w ramach niniejszego projektu maj\u0105 uzmys\u0142owi\u0107 cz\u0142onkom grup docelowych, \u017ce dr\u00f3b pochodz\u0105cy spoza Unii Europejskiej nie spe\u0142nia podstawowych norm i restrykcji, przestrzeganych w krajach nale\u017c\u0105cych do Wsp\u00f3lnoty. Taki stan rzeczy sprawia, \u017ce mi\u0119so i produkty drobiowe pochodz\u0105ce m.in. zza wschodniej granicy s\u0105 du\u017co ta\u0144sze i charakteryzuj\u0105 si\u0119 du\u017co ni\u017csz\u0105 jako\u015bci\u0105 \u2014 przez co nie powinny by\u0107 dopuszczone do sprzeda\u017cy w Polsce.<\/p>\n\n\n\n<p>Wszystkie dzia\u0142ania marketingowe, kt\u00f3re zostan\u0105 przeprowadzone w ramach kampanii, maj\u0105 na celu wywo\u0142anie konkretnej reakcji w\u015br\u00f3d w\u0142a\u015bcicieli i pracownik\u00f3w nale\u017c\u0105cych do grupy HoReCa oraz konsument\u00f3w, aby si\u0119gali oni po rodzime produkty i potrafili je rozpozna\u0107 na tle towar\u00f3w nap\u0142ywowych.<\/p>\n<\/div>\n\n\n\n<div class=\"wp-block-column is-layout-flow wp-block-column-is-layout-flow\" style=\"flex-basis:33.33%\">\n<figure class=\"wp-block-image size-full\"><img fetchpriority=\"high\" decoding=\"async\" width=\"840\" height=\"814\" src=\"https:\/\/pochodzeniemaznaczenie.pl\/wp-content\/uploads\/2024\/05\/foto-1-1.jpg\" alt=\"\" class=\"wp-image-315\" srcset=\"https:\/\/pochodzeniemaznaczenie.drobiarze.pl\/wp-content\/uploads\/2024\/05\/foto-1-1.jpg 840w, https:\/\/pochodzeniemaznaczenie.drobiarze.pl\/wp-content\/uploads\/2024\/05\/foto-1-1-300x291.jpg 300w, https:\/\/pochodzeniemaznaczenie.drobiarze.pl\/wp-content\/uploads\/2024\/05\/foto-1-1-768x744.jpg 768w\" sizes=\"(max-width: 840px) 100vw, 840px\" \/><\/figure>\n<\/div>\n<\/div>\n","protected":false},"excerpt":{"rendered":"<p>Kampania informacyjno-promocyjna realizowana przez Krajow\u0105 Federacj\u0119 Hodowc\u00f3w Drobiu i Producent\u00f3w Jaj ma na celu pog\u0142\u0119bianie wiedzy os\u00f3b zarz\u0105dzaj\u0105cych podmiotami nale\u017c\u0105cymi do grupy HoReCa, na temat sposob\u00f3w rozr\u00f3\u017cniania tej grupy produkt\u00f3w, podkre\u015blenia ich prozdrowotnych w\u0142a\u015bciwo\u015bci oraz korzy\u015bci wynikaj\u0105cych z ich spo\u017cywania. Materia\u0142y informacyjne przygotowane w ramach niniejszego projektu maj\u0105 uzmys\u0142owi\u0107 cz\u0142onkom grup docelowych, \u017ce dr\u00f3b pochodz\u0105cy [&hellip;]<\/p>\n","protected":false},"author":1,"featured_media":0,"parent":0,"menu_order":0,"comment_status":"closed","ping_status":"closed","template":"","meta":{"footnotes":""},"aioseo_notices":[],"_links":{"self":[{"href":"https:\/\/pochodzeniemaznaczenie.drobiarze.pl\/index.php\/wp-json\/wp\/v2\/pages\/85"}],"collection":[{"href":"https:\/\/pochodzeniemaznaczenie.drobiarze.pl\/index.php\/wp-json\/wp\/v2\/pages"}],"about":[{"href":"https:\/\/pochodzeniemaznaczenie.drobiarze.pl\/index.php\/wp-json\/wp\/v2\/types\/page"}],"author":[{"embeddable":true,"href":"https:\/\/pochodzeniemaznaczenie.drobiarze.pl\/index.php\/wp-json\/wp\/v2\/users\/1"}],"replies":[{"embeddable":true,"href":"https:\/\/pochodzeniemaznaczenie.drobiarze.pl\/index.php\/wp-json\/wp\/v2\/comments?post=85"}],"version-history":[{"count":2,"href":"https:\/\/pochodzeniemaznaczenie.drobiarze.pl\/index.php\/wp-json\/wp\/v2\/pages\/85\/revisions"}],"predecessor-version":[{"id":316,"href":"https:\/\/pochodzeniemaznaczenie.drobiarze.pl\/index.php\/wp-json\/wp\/v2\/pages\/85\/revisions\/316"}],"wp:attachment":[{"href":"https:\/\/pochodzeniemaznaczenie.drobiarze.pl\/index.php\/wp-json\/wp\/v2\/media?parent=85"}],"curies":[{"name":"wp","href":"https:\/\/api.w.org\/{rel}","templated":true}]}}

<div class="wp-block-columns is-layout-flex wp-container-core-columns-is-layout-1 wp-block-columns-is-layout-flex">
<div class="wp-block-column is-layout-flow wp-block-column-is-layout-flow" style="flex-basis:66.66%">
<p>Kampania informacyjno-promocyjna realizowana przez Krajową Federację Hodowców Drobiu i Producentów Jaj ma na celu pogłębianie wiedzy osób zarządzających podmiotami należącymi do grupy HoReCa, na temat sposobów rozróżniania tej grupy produktów, podkreślenia ich prozdrowotnych właściwości oraz korzyści wynikających z ich spożywania.</p>



<p>Materiały informacyjne przygotowane w ramach niniejszego projektu mają uzmysłowić członkom grup docelowych, że drób pochodzący spoza Unii Europejskiej nie spełnia podstawowych norm i restrykcji, przestrzeganych w krajach należących do Wspólnoty. Taki stan rzeczy sprawia, że mięso i produkty drobiowe pochodzące m.in. zza wschodniej granicy są dużo tańsze i charakteryzują się dużo niższą jakością — przez co nie powinny być dopuszczone do sprzedaży w Polsce.</p>



<p>Wszystkie działania marketingowe, które zostaną przeprowadzone w ramach kampanii, mają na celu wywołanie konkretnej reakcji wśród właścicieli i pracowników należących do grupy HoReCa oraz konsumentów, aby sięgali oni po rodzime produkty i potrafili je rozpoznać na tle towarów napływowych.</p>
</div>



<div class="wp-block-column is-layout-flow wp-block-column-is-layout-flow" style="flex-basis:33.33%">
<figure class="wp-block-image size-full"><img fetchpriority="high" decoding="async" width="840" height="814" src="https://pochodzeniemaznaczenie.pl/wp-content/uploads/2024/05/foto-1-1.jpg" alt="" class="wp-image-315" srcset="https://pochodzeniemaznaczenie.drobiarze.pl/wp-content/uploads/2024/05/foto-1-1.jpg 840w, https://pochodzeniemaznaczenie.drobiarze.pl/wp-content/uploads/2024/05/foto-1-1-300x291.jpg 300w, https://pochodzeniemaznaczenie.drobiarze.pl/wp-content/uploads/2024/05/foto-1-1-768x744.jpg 768w" sizes="(max-width: 840px) 100vw, 840px" /></figure>
</div>
</div>

<p>Kampania informacyjno-promocyjna realizowana przez Krajową Federację Hodowców Drobiu i Producentów Jaj ma na celu pogłębianie wiedzy osób zarządzających podmiotami należącymi do grupy HoReCa, na temat sposobów rozróżniania tej grupy produktów, podkreślenia ich prozdrowotnych właściwości oraz korzyści wynikających z ich spożywania. Materiały informacyjne przygotowane w ramach niniejszego projektu mają uzmysłowić członkom grup docelowych, że drób pochodzący [&hellip;]</p>
