{"id":77,"date":"2024-05-21T12:02:39","date_gmt":"2024-05-21T10:02:39","guid":{"rendered":"https:\/\/pochodzeniemaznaczenie.pl\/?page_id=77"},"modified":"2024-05-22T01:46:50","modified_gmt":"2024-05-21T23:46:50","slug":"systemy-jakosci-i-oznakowanie","status":"publish","type":"page","link":"https:\/\/pochodzeniemaznaczenie.drobiarze.pl\/index.php\/systemy-jakosci-i-oznakowanie\/","title":{"rendered":"Systemy jako\u015bci i oznakowanie"},"content":{"rendered":"\n<div class=\"wp-block-columns is-layout-flex wp-container-core-columns-is-layout-1 wp-block-columns-is-layout-flex\">\n<div class=\"wp-block-column is-layout-flow wp-block-column-is-layout-flow\" style=\"flex-basis:33.33%\">\n<figure class=\"wp-block-image size-full\"><img fetchpriority=\"high\" decoding=\"async\" width=\"806\" height=\"806\" src=\"https:\/\/pochodzeniemaznaczenie.pl\/wp-content\/uploads\/2024\/05\/znak_QAFP_pelny_kolor.png\" alt=\"\" class=\"wp-image-301\" srcset=\"https:\/\/pochodzeniemaznaczenie.drobiarze.pl\/wp-content\/uploads\/2024\/05\/znak_QAFP_pelny_kolor.png 806w, https:\/\/pochodzeniemaznaczenie.drobiarze.pl\/wp-content\/uploads\/2024\/05\/znak_QAFP_pelny_kolor-300x300.png 300w, https:\/\/pochodzeniemaznaczenie.drobiarze.pl\/wp-content\/uploads\/2024\/05\/znak_QAFP_pelny_kolor-150x150.png 150w, https:\/\/pochodzeniemaznaczenie.drobiarze.pl\/wp-content\/uploads\/2024\/05\/znak_QAFP_pelny_kolor-768x768.png 768w\" sizes=\"(max-width: 806px) 100vw, 806px\" \/><\/figure>\n<\/div>\n\n\n\n<div class=\"wp-block-column is-vertically-aligned-center is-layout-flow wp-block-column-is-layout-flow\" style=\"flex-basis:66.66%\">\n<p>W Polsce istniej\u0105 systemy jako\u015bci \u017cywno\u015bci, umo\u017cliwiaj\u0105ce identyfikacj\u0119 \u017ar\u00f3d\u0142a pochodzenia mi\u0119sa drobiowego. W Polsce funkcjonuje kilka takich system\u00f3w dedykowanych produktom mi\u0119snym (drobiowym), czyli: Quality Meat Program (QMP) oraz System Gwarantowanej Jako\u015bci \u017bywno\u015bci (QAFP).<\/p>\n\n\n\n<p>Dzi\u0119ki tym systemom mo\u017cna szybko reagowa\u0107 w przypadku wykrycia problem\u00f3w zdrowotnych lub jako\u015bciowych.<\/p>\n<\/div>\n<\/div>\n","protected":false},"excerpt":{"rendered":"<p>W Polsce istniej\u0105 systemy jako\u015bci \u017cywno\u015bci, umo\u017cliwiaj\u0105ce identyfikacj\u0119 \u017ar\u00f3d\u0142a pochodzenia mi\u0119sa drobiowego. W Polsce funkcjonuje kilka takich system\u00f3w dedykowanych produktom mi\u0119snym (drobiowym), czyli: Quality Meat Program (QMP) oraz System Gwarantowanej Jako\u015bci \u017bywno\u015bci (QAFP). Dzi\u0119ki tym systemom mo\u017cna szybko reagowa\u0107 w przypadku wykrycia problem\u00f3w zdrowotnych lub jako\u015bciowych.<\/p>\n","protected":false},"author":1,"featured_media":0,"parent":0,"menu_order":0,"comment_status":"closed","ping_status":"closed","template":"","meta":{"footnotes":""},"aioseo_notices":[],"_links":{"self":[{"href":"https:\/\/pochodzeniemaznaczenie.drobiarze.pl\/index.php\/wp-json\/wp\/v2\/pages\/77"}],"collection":[{"href":"https:\/\/pochodzeniemaznaczenie.drobiarze.pl\/index.php\/wp-json\/wp\/v2\/pages"}],"about":[{"href":"https:\/\/pochodzeniemaznaczenie.drobiarze.pl\/index.php\/wp-json\/wp\/v2\/types\/page"}],"author":[{"embeddable":true,"href":"https:\/\/pochodzeniemaznaczenie.drobiarze.pl\/index.php\/wp-json\/wp\/v2\/users\/1"}],"replies":[{"embeddable":true,"href":"https:\/\/pochodzeniemaznaczenie.drobiarze.pl\/index.php\/wp-json\/wp\/v2\/comments?post=77"}],"version-history":[{"count":5,"href":"https:\/\/pochodzeniemaznaczenie.drobiarze.pl\/index.php\/wp-json\/wp\/v2\/pages\/77\/revisions"}],"predecessor-version":[{"id":304,"href":"https:\/\/pochodzeniemaznaczenie.drobiarze.pl\/index.php\/wp-json\/wp\/v2\/pages\/77\/revisions\/304"}],"wp:attachment":[{"href":"https:\/\/pochodzeniemaznaczenie.drobiarze.pl\/index.php\/wp-json\/wp\/v2\/media?parent=77"}],"curies":[{"name":"wp","href":"https:\/\/api.w.org\/{rel}","templated":true}]}}